{"id":140,"date":"2025-01-19T16:37:59","date_gmt":"2025-01-19T15:37:59","guid":{"rendered":"https:\/\/www.toucherterre.com\/?page_id=140"},"modified":"2025-01-19T16:48:36","modified_gmt":"2025-01-19T15:48:36","slug":"utilitaire","status":"publish","type":"page","link":"https:\/\/www.toucherterre.com\/index.php\/utilitaire\/","title":{"rendered":"Utilitaire"},"content":{"rendered":"\n<p>Mes pi\u00e8ces utilitaires sont r\u00e9alis\u00e9es en petites s\u00e9ries, par collections que je renouvelle r\u00e9guli\u00e8rement. Elles sont toutes en gr\u00e8s \u00e9maill\u00e9 et adapt\u00e9es \u00e0 un usage alimentaire.<\/p>\n\n\n\n<figure class=\"wp-block-gallery has-nested-images columns-default is-cropped wp-block-gallery-1 is-layout-flex wp-block-gallery-is-layout-flex\">\n<figure class=\"wp-block-image size-large\"><img loading=\"lazy\" decoding=\"async\" width=\"1024\" height=\"1024\" data-id=\"124\" src=\"https:\/\/www.toucherterre.com\/wp-content\/uploads\/2025\/01\/IMG_20230912_100038_991-1024x1024.jpg\" alt=\"\" class=\"wp-image-124\" srcset=\"https:\/\/www.toucherterre.com\/wp-content\/uploads\/2025\/01\/IMG_20230912_100038_991-1024x1024.jpg 1024w, https:\/\/www.toucherterre.com\/wp-content\/uploads\/2025\/01\/IMG_20230912_100038_991-300x300.jpg 300w, https:\/\/www.toucherterre.com\/wp-content\/uploads\/2025\/01\/IMG_20230912_100038_991-150x150.jpg 150w, https:\/\/www.toucherterre.com\/wp-content\/uploads\/2025\/01\/IMG_20230912_100038_991-768x768.jpg 768w, https:\/\/www.toucherterre.com\/wp-content\/uploads\/2025\/01\/IMG_20230912_100038_991.jpg 1080w\" sizes=\"auto, (max-width: 1024px) 100vw, 1024px\" \/><\/figure>\n\n\n\n<figure class=\"wp-block-image size-large\"><img loading=\"lazy\" decoding=\"async\" width=\"1024\" height=\"1024\" data-id=\"123\" src=\"https:\/\/www.toucherterre.com\/wp-content\/uploads\/2025\/01\/IMG_20230912_100037_987-1024x1024.jpg\" alt=\"\" class=\"wp-image-123\" srcset=\"https:\/\/www.toucherterre.com\/wp-content\/uploads\/2025\/01\/IMG_20230912_100037_987-1024x1024.jpg 1024w, https:\/\/www.toucherterre.com\/wp-content\/uploads\/2025\/01\/IMG_20230912_100037_987-300x300.jpg 300w, https:\/\/www.toucherterre.com\/wp-content\/uploads\/2025\/01\/IMG_20230912_100037_987-150x150.jpg 150w, https:\/\/www.toucherterre.com\/wp-content\/uploads\/2025\/01\/IMG_20230912_100037_987-768x768.jpg 768w, https:\/\/www.toucherterre.com\/wp-content\/uploads\/2025\/01\/IMG_20230912_100037_987.jpg 1080w\" sizes=\"auto, (max-width: 1024px) 100vw, 1024px\" \/><\/figure>\n\n\n\n<figure class=\"wp-block-image size-large\"><img loading=\"lazy\" decoding=\"async\" width=\"1024\" height=\"1024\" data-id=\"122\" src=\"https:\/\/www.toucherterre.com\/wp-content\/uploads\/2025\/01\/IMG_20230912_100037_176-1024x1024.jpg\" alt=\"\" class=\"wp-image-122\" srcset=\"https:\/\/www.toucherterre.com\/wp-content\/uploads\/2025\/01\/IMG_20230912_100037_176-1024x1024.jpg 1024w, https:\/\/www.toucherterre.com\/wp-content\/uploads\/2025\/01\/IMG_20230912_100037_176-300x300.jpg 300w, https:\/\/www.toucherterre.com\/wp-content\/uploads\/2025\/01\/IMG_20230912_100037_176-150x150.jpg 150w, https:\/\/www.toucherterre.com\/wp-content\/uploads\/2025\/01\/IMG_20230912_100037_176-768x768.jpg 768w, https:\/\/www.toucherterre.com\/wp-content\/uploads\/2025\/01\/IMG_20230912_100037_176.jpg 1080w\" sizes=\"auto, (max-width: 1024px) 100vw, 1024px\" \/><\/figure>\n\n\n\n<figure class=\"wp-block-image size-large\"><img loading=\"lazy\" decoding=\"async\" width=\"1024\" height=\"1024\" data-id=\"121\" src=\"https:\/\/www.toucherterre.com\/wp-content\/uploads\/2025\/01\/IMG_20230713_181837_526-1024x1024.jpg\" alt=\"\" class=\"wp-image-121\" srcset=\"https:\/\/www.toucherterre.com\/wp-content\/uploads\/2025\/01\/IMG_20230713_181837_526-1024x1024.jpg 1024w, https:\/\/www.toucherterre.com\/wp-content\/uploads\/2025\/01\/IMG_20230713_181837_526-300x300.jpg 300w, https:\/\/www.toucherterre.com\/wp-content\/uploads\/2025\/01\/IMG_20230713_181837_526-150x150.jpg 150w, https:\/\/www.toucherterre.com\/wp-content\/uploads\/2025\/01\/IMG_20230713_181837_526-768x768.jpg 768w, https:\/\/www.toucherterre.com\/wp-content\/uploads\/2025\/01\/IMG_20230713_181837_526.jpg 1080w\" sizes=\"auto, (max-width: 1024px) 100vw, 1024px\" \/><\/figure>\n\n\n\n<figure class=\"wp-block-image size-large\"><img loading=\"lazy\" decoding=\"async\" width=\"1024\" height=\"1024\" data-id=\"120\" src=\"https:\/\/www.toucherterre.com\/wp-content\/uploads\/2025\/01\/IMG_20230713_181837_288-1024x1024.jpg\" alt=\"\" class=\"wp-image-120\" srcset=\"https:\/\/www.toucherterre.com\/wp-content\/uploads\/2025\/01\/IMG_20230713_181837_288-1024x1024.jpg 1024w, https:\/\/www.toucherterre.com\/wp-content\/uploads\/2025\/01\/IMG_20230713_181837_288-300x300.jpg 300w, https:\/\/www.toucherterre.com\/wp-content\/uploads\/2025\/01\/IMG_20230713_181837_288-150x150.jpg 150w, https:\/\/www.toucherterre.com\/wp-content\/uploads\/2025\/01\/IMG_20230713_181837_288-768x768.jpg 768w, https:\/\/www.toucherterre.com\/wp-content\/uploads\/2025\/01\/IMG_20230713_181837_288.jpg 1080w\" sizes=\"auto, (max-width: 1024px) 100vw, 1024px\" \/><\/figure>\n<\/figure>\n\n\n\n<p><\/p>\n","protected":false},"excerpt":{"rendered":"<p>Mes pi\u00e8ces utilitaires sont r\u00e9alis\u00e9es en petites s\u00e9ries, par collections que je renouvelle r\u00e9guli\u00e8rement. Elles sont toutes en gr\u00e8s \u00e9maill\u00e9 et adapt\u00e9es \u00e0 un usage alimentaire.<\/p>\n","protected":false},"author":1,"featured_media":0,"parent":0,"menu_order":0,"comment_status":"closed","ping_status":"closed","template":"","meta":{"footnotes":""},"class_list":["post-140","page","type-page","status-publish","hentry"],"_links":{"self":[{"href":"https:\/\/www.toucherterre.com\/index.php\/wp-json\/wp\/v2\/pages\/140","targetHints":{"allow":["GET"]}}],"collection":[{"href":"https:\/\/www.toucherterre.com\/index.php\/wp-json\/wp\/v2\/pages"}],"about":[{"href":"https:\/\/www.toucherterre.com\/index.php\/wp-json\/wp\/v2\/types\/page"}],"author":[{"embeddable":true,"href":"https:\/\/www.toucherterre.com\/index.php\/wp-json\/wp\/v2\/users\/1"}],"replies":[{"embeddable":true,"href":"https:\/\/www.toucherterre.com\/index.php\/wp-json\/wp\/v2\/comments?post=140"}],"version-history":[{"count":2,"href":"https:\/\/www.toucherterre.com\/index.php\/wp-json\/wp\/v2\/pages\/140\/revisions"}],"predecessor-version":[{"id":150,"href":"https:\/\/www.toucherterre.com\/index.php\/wp-json\/wp\/v2\/pages\/140\/revisions\/150"}],"wp:attachment":[{"href":"https:\/\/www.toucherterre.com\/index.php\/wp-json\/wp\/v2\/media?parent=140"}],"curies":[{"name":"wp","href":"https:\/\/api.w.org\/{rel}","templated":true}]}}